**2 + 11*m - 97. What is l(6)?
5
Let u(q) = 4*q + 40. Calculate u(7).
68
Let h(v) = -v**2 + 22*v - 72. Determine h(15).
33
Let v(y) = -2*y**2 - 12*y + 8. What is v(-6)?
8
Let t(j) = j + 28. Give t(-7).
21
Let a(d) = -21*d + 5. What is a(1)?
-16
Let d(x) = -x + 1. Calculate d(-16).
17
Let t(n) = 4*n**2 + 2*n - 3. Give t(2).
17
Let c(w) = -13*w**2 + w - 1. Give c(2).
-51
Let v(s) = -s**3 + 11*s**2 + 7*s + 47. Calculate v(12).
-13
Let i(q) = -7*q - 18. Determine i(-10).
52
Let t(g) = -g - 27. Calculate t(-20).
-7
Let m(x) = -x**3 + 5*x**2 + 24*x - 122. Give m(6).
-14
Let y(s) = s**3 - 39*s**2 - 40*s + 2. Give y(40).
2
Let a(r) = r**2 - 12. Determine a(-5).
13
Let r(w) = w**2 + 17*w - 18. What is r(-19)?
20
Let x(f) = f**3 + 4*f**2 + 7*f + 6. What is x(-4)?
-22
Let u(r) = 15*r**2 + r. Determine u(-1).
14
Let x(y) = -y**2 + y - 1. What is x(6)?
-31
Let g(i) = i**3 - 7*i**2 + 8*i - 26. What is g(6)?
-14
Let s(p) = 6*p + 68. Determine s(-7).
26
Let k(a) = 4*a + 16. Determine k(-1).
12
Let u(g) = -g**3 - 2*g**2 + 1. Determine u(0).
1
Let r(p) = -p**2 + 9*p - 3. Calculate r(7).
11
Let s(q) = 3*q**3 + 6*q**2 + 7*q + 2. What is s(-2)?
-12
Let h(b) = 2*b**2 - 59*b + 24. What is h(29)?
-5
Let q(u) = u**3 - 15*u**2 + 14*u - 2. Calculate q(14).
-2
Let g(m) = -2*m**2 + 42*m - 21. Give g(20).
19
Let x(n) = 3*n + 50. Calculate x(-16).
2
Let c(l) = -2*l + 31. Give c(6).
19
Let w(s) = 9*s**2 - s + 1. Give w(1).
9
Let v(b) = 6*b + 16. Give v(-2).
4
Let o(z) = z**2 - z - 45. What is o(0)?
-45
Let k(r) = r**3 + 7*r**2 - 3*r - 21. What is k(-7)?
0
Let p(s) = s**2 - 4*s - 15. Determine p(-2).
-3
Let b(i) = 2*i**2 - 26*i - 4. Determine b(12).
-28
Let v(g) = 14*g - 195. What is v(14)?
1
Let x(h) = h - 11. Give x(-5).
-16
Let x(g) = -g**3 - 15*g**2 + 1. Give x(-15).
1
Let v(s) = -s**3 + 10*s**2 - 3*s + 14. Give v(10).
-16
Let a(g) = -2*g - 13. Give a(4).
-21
Let z(p) = 2*p**2 + 13*p + 4. Give z(-9).
49
Let u(p) = -43*p + 19. Determine u(-3).
148
Let f(c) = -2*c**3 + 11*c**2 - 3*c - 4. Give f(5).
6
Let b(y) = 7*y + 17. Calculate b(-6).
-25
Let i(y) = y**2 + 4*y - 9. Give i(-6).
3
Let h(p) = p**3 - 25*p**2 - 26*p - 7. Give h(26).
-7
Let a(z) = 8*z - 12. What is a(3)?
12
Let i(p) = -p**2 + 11*p + 22. Calculate i(15).
-38
Let v(i) = -i**2 - 41*i + 1. Determine v(-41).
1
Let d(m) = 2*m + 46. What is d(-21)?
4
Let q(r) = 2*r - 4. Determine q(-8).
-20
Let o(d) = 10*d**2 + d - 2. What is o(1)?
9
Let s(n) = n**3 - 9*n**2 + 4*n + 9. Calculate s(7).
-61
Let r(j) = 29*j**2 - 7*j + 6. Give r(1).
28
Let r(p) = -3*p - 111. What is r(-39)?
6
Let w(i) = 8*i + 73. What is w(-13)?
-31
Let s(o) = -o + 2. What is s(-4)?
6
Let l(x) = -2*x**2 + 8*x + 7. Give l(7).
-35
Let f(c) = c**3 + c**2 - 20*c. Determine f(-5).
0
Let k(n) = -n**3 - 9*n**2 + 23*n + 26. Calculate k(-11).
15
Let n(w) = -7*w**3 + w. What is n(1)?
-6
Let i(m) = m**3 + 7*m**2 - 8*m - 2. Calculate i(-8).
-2
Let l(u) = -2*u**3 - 2*u**2 - 3*u - 8. Calculate l(0).
-8
Let s(l) = -12*l**2 + l + 35. Give s(0).
35
Let c(l) = 3*l - 14. Give c(10).
16
Let t(f) = -4*f**3 + 4*f + 4. Give t(-1).
4
Let u(z) = z + 3. Give u(-7).
-4
Let j(i) = -i**3 - 6*i**2 + 1. Determine j(-6).
1
Let b(d) = d**3 + 7*d**2 + 3*d + 19. Calculate b(-7).
-2
Let j(s) = s - 22. Determine j(16).
-6
Let f(j) = -10*j**2 + j + 1. What is f(1)?
-8
Let g(o) = -o**2 - 12*o + 56. Calculate g(-19).
-77
Let q(u) = -6*u**3 - 6*u**2 + 6*u + 5. What is q(-3)?
95
Let b(u) = u + 7. Give b(6).
13
Let d(j) = j**2 + 13*j + 41. What is d(-6)?
-1
Let m(c) = -c**2 - 2*c + 1. What is m(1)?
-2
Let h(g) = g**2 - 9*g - 17. Determine h(10).
-7
Let i(z) = 17*z - 5. What is i(2)?
29
Let a(m) = -m**2 - 13*m - 28. Calculate a(-10).
2
Let w(u) = -3*u**3 - u**2. Give w(1).
-4
Let k(a) = 62*a - 2. Calculate k(-1).
-64
Let o(d) = 2*d**2 + 18*d - 12. What is o(-11)?
32
Let p(l) = -2*l**2 - l - 2. Determine p(-2).
-8
Let x(y) = 7*y + 7. Give x(3).
28
Let v(s) = s**2 + 2*s - 12. Give v(8).
68
Let m(u) = 10*u + 50. Determine m(-5).
0
Let r(h) = 4*h**2 + 3*h - 4. Calculate r(2).
18
Let z(r) = -3*r**2 - 4*r + 2. Determine z(4).
-62
Let s(y) = y**3 - y**2 - 2*y + 3. Give s(2).
3
Let j(u) = u**3 + 4*u**2 + 8*u + 4. What is j(-3)?
-11
Let t(u) = 5*u**3 + u**2 - 1. Calculate t(-1).
-5
Let z(s) = -5*s**2 + s + 11. Give z(-3).
-37
Let a(i) = 5*i + 2. Calculate a(3).
17
Let f(u) = -u**3 - u**2 - u + 28. Calculate f(0).
28
Let k(z) = 2*z**2 - 3*z + 2. What is k(2)?
4
Let h(q) = -13*q + 609. Determine h(47).
-2
Let g(o) = 32*o - 13. What is g(2)?
51
Let a(m) = 4*m + 56. Give a(-11).
12
Let n(j) = 2*j**3 - 9*j**2 + 5*j + 6. What is n(4)?
10
Let i(r) = -r**3 + 7*r**2 - r + 4. What is i(7)?
-3
Let r(d) = d + 6. Give r(-8).
-2
Let s(y) = 2*y**3 - 18*y**2 - 9*y + 6. What is s(9)?
-75
Let s(n) = n**3 - 11*n**2 + 21*n - 6. Calculate s(9).
21
Let u(j) = j**3 + 27*j**2 + 34*j + 211. Give u(-26).
3
Let r(l) = -l**3 + 5*l**2 + 5. Give r(5).
5
Let v(u) = u**3 + 6*u**2 + 4*u - 2. What is v(-5)?
3
Let g(h) = -2*h - 20. What is g(-15)?
10
Let p(z) = z**3 - 10*z**2 - 2*z + 19. What is p(10)?
-1
Let z(y) = -y**3 + 23*y**2 - 22*y - 10. Give z(22).
-10
Let a(y) = -y**3 + 16*y**2 - 17*y + 8. Determine a(15).
-22
Let o(j) = -j**2 - 9*j - 3. What is o(-8)?
5
Let u(w) = -w**3 - 7*w**2 - 4*w + 14. What is u(-6)?
2
Let m(q) = -133*q - 802. Determine m(-6).
-4
Let o(z) = z**2 + 4*z + 1. Give o(-4).
1
Let p(b) = -b - 11. What is p(0)?
-11
Let i(v) = -19*v + 135. Calculate i(6).
21
Let t(i) = -i + 5. Give t(-7).
12
Let k(s) = -2*s**3 - 4*s**2 - 5*s - 1. Calculate k(-2).
9
Let a(j) = 2*j**3 - 4*j**2 + j + 2. Calculate a(2).
4
Let q(j) = -2*j**2 + 64*j - 71. Calculate q(31).
-9
Let i(x) = -x**2 - 11*x - 12. Determine i(-12).
-24
Let c(i) = i**3 - 4*i**2 - 5*i + 9. Give c(4).
-11
Let g(t) = -2*t - 16. Determine g(-8).
0
Let w(i) = i**2 - i - 32. Calculate w(-6).
10
Let a(n) = -75*n**3 - 3*n**2 + 3*n. Give a(1).
-75
Let a(i) = -i**2 - 17*i + 47. Give a(-19).
9
Let x(u) = -u**3 - 12*u**2 + u - 6. Calculate x(-12).
-18
Let k(l) = -l**3 + 15*l**2 - 14*l + 2. Determine k(14).
2
Let g(s) = s**3 - 6*s**2 - 5*s + 8. Calculate g(7).
22
Let s(x) = -2*x**2 + x - 1. Give s(0).
-1
Let f(l) = 36*l - 1613. Determine f(45).
7
Let f(j) = j**3 + 40*j**2 - 3. What is f(-40)?
-3
Let g(k) = k**3 - 17*k**2 + 39*k - 140. What is g(15)?
-5
Let c(w) = -w**3 - w**2 - w + 39. What is c(0)?
39
Let u(a) = 49*a**3 - a**2 + 1. Calculate u(-1).
-49
Let w(b) = 2*b**3 - 5*b**2 - 9*b + 1. Determine w(4).
13
Let n(s) = 15*s + 3. Calculate n(4).
63
Let i(p) = 7*p + 10. Calculate i(-3).
-11
Let x(s) = -s - 35. Calculate x(-11).
-24
Let m(d) = -d**3 - 25*d**2 - 49*d - 71. Give m(-23).
-2
Let j(v) = -3*v**3 - v**2 + v - 4. What is j(-2)?
14
Let c(r) = r**3 - 5*r**2 + 4*r - 9. Determine c(4).
-9
Let j(w) = -w**3 - 16*w**2 + 58*w + 17. Give j(-19).
-2
Let o(g) = g**2 - 13*g + 33. Calculate o(4).
-3
Let r(g) = g**3 + 5*g**2 + 5*g - 1. Give r(-3).
2
Let z(q) = -61*q + 5. Determine z(-1).
66
Let r(f) = 2*f + 2. Give r(5).
12
Let v(p) = p**3 - 7*p**2 - 14*p - 29. Calculate v(9).
7
Let j(w) = -4*w**2 + 2*w - 1. Determine j(1).
-3
Let t(z) = -2*z**2 + 12*z + 77. Give t(-4).
-3
Let v(l) = -l**2 + 62*l + 129. What is v(64)?
1
Let o(l) = 2*l + 6. Determine o(11).
28
Let x(v) = -v**3 - 8*v**2 - 5*v + 28. Give x(-6).
-14
Let d(z) = z**3 - 28*z**2 + 5*z - 67. What is d(28)?
73
Let a(y) = y**3 + 6*y**2 - y - 7. Calculate a(-7).
-49
Let s(p) = 2*p + 22. Determine s(-9).
4
Let l(f) = f + 12. Determine l(0).
12
Let o(a) = 11*a**3 - 2*a - 3. Give o(-1).
-12
Let v(y) = -9*y - 54. Determine v(-4).
-18
Let y(l) = 24*l**3 - 2. Calculate y(1).
22
Let y(z) = z**2 + 4*z - 7. Give y(-5).
-2
Let q(w) = 8*w - 139. Determine q(26).
69
Let j(t) = t**3 + 11*t**2 + 4*t + 38. What is j(-11)?
-6
Let s(z) = 2*z**2 - 5*z. Determine s(4).
12
Let u(i) = -i**3 - 7*i**2 - 2*i + 6. Determine u(-6).
-18
Let n(q) = -3*q + 15. What is n(12)?
-21
Let z(m) = -m**3 + 7*m**2 - 3*m + 15. Give z(7).
-6
Let b(m) = m**2 + 4*m - 8. Determine b(-4).
-8
Let b(t) = -2*t**3 + 17*t**2 + 9*t - 4. What is b(9)?
-4
Let k(n) = -n**3 - 21*n**2 - 54*n - 21. What is k(-18)?
-21
Let h(v) = 33*v - 430. What is h(13)?
-1
Let a(d) = 11*d + 43. Determine a(-4).
-1
Let g(y) = -29*y + 34. Determine g(4).
-82
Let x(o) = 5*o**2 - 5*o + 2. Determine x(3